 = -0*w - 4*w + n + 18, -2*w = 2*n - 4. Suppose 3*l = w*r - 231, 6*r + l = 4*r + 123. What is the highest common factor of r and 40?
20
Suppose 3*f + 3 + 12 = 3*d, 3*f = -6. Suppose -i + 0 = d*g - 23, -5*i + 155 = 5*g. Let o be (2 - i)/((-9)/6). What is the highest common divisor of o and 2?
2
Let z = -89 - 32. Let u be 11/(z/(-178)) + 4/(-22). Calculate the highest common factor of 64 and u.
16
Suppose m - 7 - 15 = 4*v, 4*v + 4 = -2*m. Let p(t) = -t**3 + 7*t**2 + t + 8. Let j be p(m). What is the greatest common divisor of j and 75?
25
Let g be (-3596)/(-203) - 4/(-14). Suppose -2*l = f - 9, 5*l = -5*f + 2*l + 17. Let r = f - -1. What is the greatest common factor of r and g?
2
Let l = 1031 - 727. Calculate the greatest common factor of l and 48.
16
Let j = -8 + 15. Let n(k) be the third derivative of -k**5/60 + k**4/3 + 5*k**3/6 - 13*k**2. Let q be n(j). What is the greatest common factor of q and 8?
4
Let z(a) = 4*a**2 + 2*a + 6. Let p be z(-4). Suppose -6*f + p + 28 = 0. What is the highest common divisor of 5 and f?
5
Let r(j) = -j**3 - 2*j**2 + j - 2. Let u be r(-3). Suppose -u*t + 5*t - 40 = 0. Calculate the greatest common factor of 5 and t.
5
Let h(d) = -83*d - 427. Let y be h(-8). Calculate the highest common divisor of y and 316.
79
Suppose 3*j - 8*j - 15 = 0, 0 = -5*k - 2*j + 129. Let r(z) = 81*z**2 - z - 1. Let d be r(-1). What is the highest common divisor of d and k?
27
Suppose -2*x + 19 = -2*j + 127, -4*j + 5*x + 219 = 0. Calculate the highest common factor of j and 425.
17
Let d(f) = 3*f + 2*f**2 + 13*f - 26*f. Let a be d(14). Calculate the greatest common divisor of 28 and a.
28
Suppose -2*m - 62 = -58. Let b = 0 - m. What is the greatest common factor of 10 and b?
2
Suppose -3*f = l - 0*f + 29, 57 = -3*l - 3*f. Let n = 19 + l. Suppose 3*z = n*i - 456, 10 = -5*z - 0. What is the greatest common divisor of i and 60?
30
Let x = 174 + -144. What is the greatest common divisor of 120 and x?
30
Suppose -5*p - 22 - 28 = 0. Let b be (-2)/4 + 5/p. Let l be (-4)/(b + 3) + 5. Calculate the greatest common divisor of l and 24.
3
Let m = 552 + -195. Let q be (56/(-6))/((-34)/m). Calculate the greatest common divisor of 14 and q.
14
Suppose 2*o = -o + 48. Suppose 3*l = -4*y + 3*y + 24, 40 = 5*l - 5*y. Suppose l*z - 8 = 8. Calculate the greatest common divisor of o and z.
2
Suppose 107*v = 100*v + 14. Calculate the highest common divisor of 38 and v.
2
Suppose -3 + 7 = 2*l, -3*l = u - 186. Calculate the highest common divisor of u and 270.
90
Let z(t) = -17*t - 9. Let a be (-98)/28*4/2. Let b be z(a). What is the highest common divisor of 22 and b?
22
Suppose 5*o = -46 + 501. What is the highest common divisor of 26 and o?
13
Let t = 243 + -243. Let v(d) = 11 + d + 11 - 2. Let n be v(t). Calculate the highest common divisor of 80 and n.
20
Let f be (-33)/(-2) + 7/(-14). What is the highest common divisor of f and 208?
16
Let w = -84 - -129. Let s = w + -81. Let d be (-8)/(0 - (-8)/s). Calculate the greatest common factor of 24 and d.
12
Suppose -14*o = 7*o - 504. What is the highest common divisor of 120 and o?
24
Suppose 4*q + w - 93 = 0, -4*q - q = 9*w - 155. Calculate the greatest common divisor of q and 341.
11
Let a = -13 + 24. Let r = -16 + 18. Suppose 168 = 2*f + r*l, 0 = -6*f + f - 3*l + 428. Calculate the greatest common factor of f and a.
11
Let x = 391 - 313. Let a(t) = t**3 + 3*t**2 - 2*t + 4. Let c be a(3). What is the highest common factor of x and c?
26
Let l = -100 - -46. Let r be ((-18)/3)/(-3) + 85. Let k = l + r. Calculate the highest common factor of k and 11.
11
Let o = 376 + -100. What is the highest common factor of o and 144?
12
Let u = 2134 + -384. Calculate the greatest common factor of 28 and u.
14
Let b(m) = -11*m - 1. Let a(u) = -u**3 + 7*u**2 - 9*u + 6. Let t be a(6). Let i = t + 6. Let z be b(i). What is the highest common factor of z and 13?
13
Suppose 5*c = -5*x + 537 - 22, -5*c - 376 = -4*x. Let t(g) = g**2 + 9*g + 11. Let n be t(-9). What is the greatest common divisor of x and n?
11
Let b(h) = -73*h**3 + 2*h**2 - 5*h - 18. Let l be b(-2). Calculate the highest common divisor of l and 8.
8
Let s = 292 - 88. Suppose 11*o - s = 192. What is the greatest common divisor of 9 and o?
9
Let t(s) = 4*s + 2. Let l be t(10). Suppose 3*q + 4*q - 3234 = 0. What is the highest common factor of l and q?
42
Suppose 0*x = -5*x + 80. Let q be 11/4 - (-6)/(-8). Suppose 3*p = -3*n, n + q*n = -2*p - 2. Calculate the highest common factor of x and p.
2
Let p(r) = -3*r - 19. Let q be p(-8). Suppose 0 = q*z + 3*g - 26 - 154, -4*g - 36 = -z. What is the highest common divisor of 396 and z?
36
Let y be (2/(-4))/((-3)/6). Let u be (29 - y)/(24/36). Calculate the highest common divisor of u and 21.
21
Let t be (-1544)/(-14)*2 - (-456)/(-798). What is the highest common factor of 176 and t?
44
Let g be (-46)/(-345) - (-596)/30. Suppose -250 = -5*h + 450. What is the highest common divisor of h and g?
20
Suppose -5*i = -i - 144. Suppose -6*s = -42 - 12. What is the greatest common divisor of s and i?
9
Let a be ((-10)/8)/(4/(-112)). Suppose -3*n + 2*n + 73 = -5*d, 2*d = -3*n + 151. Let v = 158 - n. Calculate the greatest common divisor of v and a.
35
Suppose 7*z = -0*z + 483. Suppose -4*k + 6*k - 142 = 0. Let o = -25 + k. Calculate the greatest common divisor of z and o.
23
Let z = -24 - -39. Let c = 55 - z. Let b be (15/4)/(1/16). Calculate the highest common divisor of b and c.
20
Let g be 12/14 - (-119286)/189. What is the highest common factor of g and 8?
8
Suppose -4*m + 112 = -88. Suppose 0 = 3*q + 2*q - m. What is the highest common divisor of q and 5?
5
Let a(v) = -v**2 - 30*v - 90. Let l(w) = -w**3 + 30*w**2 + w - 56. Let m be l(30). Let f be a(m). What is the highest common divisor of 112 and f?
14
Suppose 5*g - 4*o - 188 = 2*g, -348 = -5*g - 2*o. What is the highest common divisor of 85 and g?
17
Suppose -67 = -5*r - 47. What is the highest common factor of 20 and r?
4
Suppose -2*q + 1317 = 5*n, 4*q - n = -2*n + 2589. What is the highest common divisor of q and 34?
34
Suppose -2*d + 72 = -37*m + 33*m, -4*m + 18 = d. What is the greatest common divisor of 6 and d?
6
Let i be (-9)/((-45)/4985) - (0 + -2). What is the greatest common factor of i and 27?
27
Let l = 226 + 54. Suppose -4*d + l = -0*d. Calculate the highest common divisor of 175 and d.
35
Let o(j) = j**3 - 17*j**2 - 2*j + 45. Let g be o(17). Let y be 6/(-3) + 3 - -32. Calculate the highest common divisor of y and g.
11
Let k(c) = 5*c**2 + c + 2. Let s be k(-3). Suppose -4*f = p - 15, 2*p - 3 = -f + p. Calculate the greatest common factor of s and f.
4
Let g = 269 + 158. Calculate the highest common factor of 122 and g.
61
Suppose 6*n = 175 + 95. Suppose -k + n = 2*k. Calculate the greatest common factor of k and 60.
15
Suppose 133*o - 125*o = 5936. What is the highest common divisor of 318 and o?
106
Let i(l) = l - 17. Let s be i(7). Suppose g - 7 = 6. Let f = g + s. What is the highest common factor of 27 and f?
3
Suppose 3*f + 28 = 4*f. Suppose -4*h + 5*c + 311 = 0, 0 = 3*h + 5*c - 358 + 81. Calculate the greatest common divisor of f and h.
28
Let w = -739 + 742. Suppose -54 = -0*f + 4*f - u, 0 = -3*f - 3*u - 48. Let p = f + 23. Calculate the greatest common factor of p and w.
3
Let s(v) = -v**3 + 31*v**2 - 28*v + 138. Let x be s(29). What is the highest common factor of 18 and x?
18
Let o(y) = 4*y**2 - 2*y + 1. Let z be o(1). Suppose 20 = z*j - 412. Calculate the highest common divisor of j and 9.
9
Let m be (2 - 0) + 6 + 18/(-6). Let z = 140 - 55. Calculate the greatest common factor of z and m.
5
Let p be (64/20)/(-4)*330/(-4). Calculate the highest common factor of 24 and p.
6
Suppose 8 = 4*p, 5*o - 3 = 2*p + 3. Suppose -3*g + 210 = o*g. What is the highest common factor of g and 126?
42
Suppose 65*x - 80 = 55*x. What is the highest common divisor of x and 6?
2
Let t(x) = x**2 - 11*x + 2. Let k be t(11). Suppose 3*a = k*a + 2. Calculate the highest common divisor of a and 16.
2
Let l = -6 + 34. Suppose -132 = -12*s + s. Suppose s + l = 4*k. What is the greatest common factor of 90 and k?
10
Let n = 250 + -138. What is the highest common factor of n and 16?
16
Suppose -2*b + 6*b = 4, -2*h - 4*b = -308. Let z = h - 84. What is the greatest common factor 